hat is the tens digit of 1038279125?
2
What is the tens digit of 152315515?
1
What is the units digit of 1435958463?
3
What is the hundred thousands digit of 3908668957?
6
What is the thousands digit of 102074262?
4
What is the hundreds digit of 1138373632?
6
What is the billions digit of 2472164608?
2
What is the tens digit of 2517410948?
4
What is the ten thousands digit of 530199440?
9
What is the ten millions digit of 312409359?
1
What is the hundred thousands digit of 1732402314?
4
What is the billions digit of 1668417166?
1
What is the tens digit of 601335502?
0
What is the hundred millions digit of 414877849?
4
What is the ten thousands digit of 680762913?
6
What is the ten thousands digit of 31444038?
4
What is the units digit of 79528079?
9
What is the hundred millions digit of 164083977?
1
What is the hundred millions digit of 387621931?
3
What is the units digit of 890702180?
0
What is the ten thousands digit of 393990529?
9
What is the units digit of 4333342527?
7
What is the hundred thousands digit of 628741374?
7
What is the millions digit of 216106169?
6
What is the thousands digit of 58529708?
9
What is the units digit of 522638727?
7
What is the millions digit of 5853200?
5
What is the thousands digit of 2473567226?
7
What is the thousands digit of 5475082737?
2
What is the units digit of 107142702?
2
What is the tens digit of 40482993?
9
What is the billions digit of 5527137463?
5
What is the ten millions digit of 1142429528?
4
What is the hundreds digit of 18612858?
8
What is the hundred thousands digit of 556475820?
4
What is the hundreds digit of 819020167?
1
What is the hundred millions digit of 1394007177?
3
What is the ten thousands digit of 977520028?
2
What is the units digit of 1026146986?
6
What is the units digit of 125935798?
8
What is the hundred thousands digit of 118563059?
5
What is the tens digit of 1344501773?
7
What is the tens digit of 66573715?
1
What is the units digit of 5552274763?
3
What is the hundred millions digit of 545338974?
5
What is the thousands digit of 110660834?
0
What is the tens digit of 1315352100?
0
What is the ten thousands digit of 210002020?
0
What is the millions digit of 473915666?
3
What is the units digit of 1652989791?
1
What is the ten millions digit of 1233339408?
3
What is the hundred thousands digit of 9198649?
1
What is the hundred millions digit of 264793640?
2
What is the millions digit of 169255065?
9
What is the millions digit of 89160426?
9
What is the hundred thousands digit of 149349220?
3
What is the billions digit of 2718968163?
2
What is the units digit of 3084035451?
1
What is the units digit of 1582902676?
6
What is the tens digit of 38697066?
6
What is the ten thousands digit of 27438390?
3
What is the thousands digit of 5319901117?
1
What is the units digit of 20552704?
4
What is the tens digit of 1206910112?
1
What is the hundreds digit of 1025218064?
0
What is the units digit of 1238639318?
8
What is the tens digit of 248645724?
2
What is the hundred thousands digit of 40130028?
1
What is the thousands digit of 113632884?
2
What is the ten millions digit of 494566823?
9
What is the hundred thousands digit of 841575639?
5
What is the ten thousands digit of 681232689?
3
What is the billions digit of 2921165973?
2
What is the ten millions digit of 194562629?
9
What is the ten millions digit of 248566644?
4
What is the tens digit of 16023044?
4
What is the tens digit of 517311804?
0
What is the units digit of 223718077?
7
What is the ten millions digit of 147605818?
4
What is the hundred millions digit of 222487033?
2
What is the millions digit of 357434713?
7
What is the tens digit of 43501336?
3
What is the hundreds digit of 55949142?
1
What is the thousands digit of 46140652?
0
What is the units digit of 970373705?
5
What is the hundred millions digit of 903516846?
9
What is the millions digit of 51062803?
1
What is the tens digit of 1701123?
2
What is the thousands digit of 67711705?
1
What is the ten millions digit of 1764105508?
6
What is the millions digit of 2811164962?
1
What is the hundred thousands digit of 742714219?
7
What is the units digit of 70621546?
6
What is the hundred millions digit of 225276883?
2
What is the hundred thousands digit of 688875575?
8
What is the thousands digit of 3545301?
5
What is the units digit of 450368496?
6
What is the thousands digit of 54591506?
1
What is the hundred millions digit of 942412635?
9
What is the tens digit of 89851841?
4
What is the hundreds digit of 55685330?
3
What is the units digit of 1624443698?
8
What is the ten millions digit of 3474235575?
7
What is the hundred thousands digit of 71353481?
3
What is the hundred millions digit of 5969870659?
9
What is the tens digit of 41810010?
1
What is the thousands digit of 319134168?
4
What is the millions digit of 569985935?
9
What is the millions digit of 400158825?
0
What is the thousands digit of 88471377?
1
What is the hundred millions digit of 1931846102?
9
What is the hundreds digit of 1120056640?
6
What is the hundred millions digit of 230670578?
2
What is the units digit of 2512211151?
1
What is the ten thousands digit of 213203189?
0
What is the thousands digit of 1315651954?
1
What is the millions digit of 4152365878?
2
What is the hundred millions digit of 289772066?
2
What is the hundreds digit of 17369642?
6
What is the millions digit of 2362288473?
2
What is the hundreds digit of 87461751?
7
What is the ten thousands digit of 304628384?
2
What is the units digit of 1255536802?
2
What is the hundred thousands digit of 72973257?
9
What is the tens digit of 8510684252?
5
What is the thousands digit of 32949358?
9
What is the units digit of 102439934?
4
What is the tens digit of 50849373?
7
What is the billions digit of 4921137537?
4
What is the units digit of 48785982?
2
What is the thousands digit of 4454917418?
7
What is the hundred thousands digit of 161834993?
8
What is the ten thousands digit of 1317139810?
3
What is the thousands digit of 67463272?
3
What is the hundred millions digit of 1061970065?
0
What is the hundred thousands digit of 901485907?
4
What is the units digit of 37969676?
6
What is the hundreds digit of 37312961?
9
What is the hundred thousands digit of 2139102355?
1
What is the ten thousands digit of 64969051?
6
What is the tens digit of 6381707336?
3
What is the hundreds digit of 41833769?
7
What is the billions digit of 1084582524?
1
What is the ten millions digit of 3793335744?
9
What is the tens digit of 53326526?
2
What is the tens digit of 20478535?
3
What is the tens digit of 1148370060?
6
What is the hundred thousands digit of 408622482?
6
What is the ten thousands digit of 871471881?
7
What is the hundred thousands digit of 6226025114?
0
What is the ten thousands digit of 1010448879?
4
What is the thousands digit of 2810038058?
8
What is the ten millions digit of 3388489197?
8
What is the thousands digit of 1805651946?
1
What is the ten thousands digit of 2013254290?
5
What is the tens digit of 542424601?
0
What is the hundreds digit of 435771631?
6
What is the hundred thousands digit of 737665158?
6
What is the billions digit of 1862181464?
1
What is the hundreds digit of 54184657?
6
What is the hundred millions digit of 1092986125?
0
What is the hundred thousands digit of 1304375804?
3
What is the billions digit of 1664952193?
1
What is the ten thousands digit of 350903406?
0
What is the hundred thousands digit of 35434302?
4
What is the ten millions digit of 153067304?
5
What is the hundred millions digit of 249013232?
2
What is the hundred millions digit of 3999854288?
9
What is the ten millions digit of 13176339?
1
What is the hundred millions digit of 1816961910?
8
What is the ten thousands digit of 18388527?
8
What is the thousands digit of 286777704?
7
What is the ten thousands digit of 2816634537?
3
What is the units digit of 348123582?
2
What is the units digit of 85685761?
1
What is the ten thousands digit of 623638336?
3
What is the hundreds digit of 136832436?
4
What is the hundred thousands digit of 373558971?
5
What is the ten thousands digit of 3922524884?
2
What is the hundred millions digit of 809738257?
8
What is the thousands digit of 207083680?
3
What is the hundreds digit of 945696269?
